{"id":39,"date":"2017-06-05T21:30:16","date_gmt":"2017-06-05T21:30:16","guid":{"rendered":"http:\/\/centralnet.psi.br\/?page_id=39"},"modified":"2020-06-27T14:58:20","modified_gmt":"2020-06-27T14:58:20","slug":"home","status":"publish","type":"page","link":"https:\/\/staging.centralnet.psi.br\/","title":{"rendered":"Home"},"content":{"rendered":"<div id=\"pl-39\"  class=\"panel-layout\" >\n<div id=\"pg-39-0\"  class=\"panel-grid panel-has-style\"  data-style=\"{&quot;background_image_attachment&quot;:&quot;145&quot;,&quot;background_image_attachment_fallback&quot;:false,&quot;background_display&quot;:&quot;cover&quot;,&quot;row_stretch&quot;:&quot;full&quot;,&quot;cell_alignment&quot;:&quot;flex-start&quot;}\" >\n<div class=\"siteorigin-panels-stretch panel-row-style panel-row-style-for-39-0\" data-stretch-type=\"full\" >\n<div id=\"pgc-39-0-0\"  class=\"panel-grid-cell\"  data-weight=\"1\" >\n<div id=\"panel-39-0-0-0\" class=\"so-panel widget widget_black-studio-tinymce widget_black_studio_tinymce panel-first-child panel-last-child\" data-index=\"0\" data-style=\"{&quot;background_image_attachment&quot;:false,&quot;background_display&quot;:&quot;tile&quot;}\" >\n<div class=\"textwidget\">\n<p style=\"text-align: center;\"><span class=\"inicio-titulo\">Temos a Solu\u00e7\u00e3o<\/span><br \/>\n<span class=\"inicio-sub\">22 anos oferecendo produtos e solu\u00e7\u00f5es em tecnologia<\/span><br \/>\n<a class=\"button black\" href=\"\/solucoes\">Nossas Solu\u00e7\u00f5es<\/a> <a class=\"button black-outline\" href=\"\/blog\">Blog<\/a> <a class=\"button black\" href=\"https:\/\/get.teamviewer.com\/6ni942d\">Suporte Online<\/a><\/p>\n<p style=\"text-align: center;\">[spacer height=&#8221;380px&#8221;]<\/p>\n<p><script>\n  (function(i,s,o,g,r,a,m){i['GoogleAnalyticsObject']=r;i[r]=i[r]||function(){\n  (i[r].q=i[r].q||[]).push(arguments)},i[r].l=1*new Date();a=s.createElement(o),\n  m=s.getElementsByTagName(o)[0];a.async=1;a.src=g;m.parentNode.insertBefore(a,m)\n  })(window,document,'script','https:\/\/www.google-analytics.com\/analytics.js','ga');<\/p>\n<p>  ga('create', 'UA-101856834-1', 'auto');\n  ga('send', 'pageview');<\/p>\n<p><\/script><\/div>\n<\/div>\n<\/div>\n<\/div>\n<\/div>\n<div id=\"pg-39-1\"  class=\"panel-grid panel-no-style\" >\n<div id=\"pgc-39-1-0\"  class=\"panel-grid-cell\"  data-weight=\"1\" >\n<div id=\"panel-39-1-0-0\" class=\"so-panel widget widget_black-studio-tinymce widget_black_studio_tinymce panel-first-child panel-last-child\" data-index=\"1\" data-style=\"{&quot;background_image_attachment&quot;:false,&quot;background_display&quot;:&quot;tile&quot;}\" >\n<div class=\"textwidget\">\n<p><a href=\"https:\/\/www.facebook.com\/centralnetinf\">[cn-social-icon]<\/a><\/p>\n<\/div>\n<\/div>\n<\/div>\n<\/div>\n<div id=\"pg-39-2\"  class=\"panel-grid panel-no-style\" >\n<div id=\"pgc-39-2-0\"  class=\"panel-grid-cell\"  data-weight=\"1\" >\n<div id=\"panel-39-2-0-0\" class=\"so-panel widget widget_sow-headline panel-first-child panel-last-child\" data-index=\"2\" data-style=\"{&quot;background_display&quot;:&quot;tile&quot;}\" >[siteorigin_widget class=&#8221;SiteOrigin_Widget_Headline_Widget&#8221;]<input type=\"hidden\" value=\"{&quot;instance&quot;:{&quot;headline&quot;:{&quot;text&quot;:&quot;Tecnologias..&quot;,&quot;destination_url&quot;:&quot;&quot;,&quot;tag&quot;:&quot;h1&quot;,&quot;color&quot;:false,&quot;hover_color&quot;:false,&quot;font&quot;:&quot;default&quot;,&quot;font_size&quot;:false,&quot;font_size_unit&quot;:&quot;px&quot;,&quot;align&quot;:&quot;left&quot;,&quot;line_height&quot;:&quot;10%&quot;,&quot;line_height_unit&quot;:&quot;%&quot;,&quot;margin&quot;:&quot;50px&quot;,&quot;margin_unit&quot;:&quot;px&quot;,&quot;so_field_container_state&quot;:&quot;open&quot;,&quot;new_window&quot;:false},&quot;sub_headline&quot;:{&quot;text&quot;:&quot;&quot;,&quot;destination_url&quot;:&quot;&quot;,&quot;tag&quot;:&quot;h3&quot;,&quot;color&quot;:false,&quot;hover_color&quot;:false,&quot;font&quot;:&quot;default&quot;,&quot;font_size&quot;:false,&quot;font_size_unit&quot;:&quot;px&quot;,&quot;align&quot;:&quot;center&quot;,&quot;line_height&quot;:false,&quot;line_height_unit&quot;:&quot;px&quot;,&quot;margin&quot;:false,&quot;margin_unit&quot;:&quot;px&quot;,&quot;so_field_container_state&quot;:&quot;open&quot;,&quot;new_window&quot;:false},&quot;divider&quot;:{&quot;style&quot;:&quot;solid&quot;,&quot;color&quot;:&quot;#EEEEEE&quot;,&quot;thickness&quot;:1,&quot;align&quot;:&quot;center&quot;,&quot;width&quot;:&quot;80%&quot;,&quot;width_unit&quot;:&quot;%&quot;,&quot;margin&quot;:false,&quot;margin_unit&quot;:&quot;px&quot;,&quot;so_field_container_state&quot;:&quot;closed&quot;},&quot;order&quot;:[&quot;headline&quot;,&quot;divider&quot;,&quot;sub_headline&quot;],&quot;fittext_compressor&quot;:0.85,&quot;_sow_form_id&quot;:&quot;594d7d57dcdb9&quot;,&quot;_sow_form_timestamp&quot;:&quot;1498579807839&quot;,&quot;fittext&quot;:false,&quot;so_sidebar_emulator_id&quot;:&quot;sow-headline-3910002&quot;,&quot;option_name&quot;:&quot;widget_sow-headline&quot;},&quot;args&quot;:{&quot;before_widget&quot;:&quot;&lt;div id=\\&quot;panel-39-2-0-0\\&quot; class=\\&quot;so-panel widget widget_sow-headline panel-first-child panel-last-child\\&quot; data-index=\\&quot;2\\&quot; data-style=\\&quot;{&amp;quot;background_display&amp;quot;:&amp;quot;tile&amp;quot;}\\&quot; &gt;&quot;,&quot;after_widget&quot;:&quot;&lt;\\\/div&gt;&quot;,&quot;before_title&quot;:&quot;&lt;h3 class=\\&quot;widget-title\\&quot;&gt;&quot;,&quot;after_title&quot;:&quot;&lt;\\\/h3&gt;&quot;,&quot;widget_id&quot;:&quot;widget-2-0-0&quot;}}\" \/>[\/siteorigin_widget]<\/div>\n<\/div>\n<\/div>\n<div id=\"pg-39-3\"  class=\"panel-grid panel-has-style\"  data-style=\"{&quot;background_display&quot;:&quot;tile&quot;,&quot;row_stretch&quot;:&quot;full&quot;,&quot;cell_alignment&quot;:&quot;flex-start&quot;}\" >\n<div class=\"siteorigin-panels-stretch panel-row-style panel-row-style-for-39-3\" data-stretch-type=\"full\" >\n<div id=\"pgc-39-3-0\"  class=\"panel-grid-cell\"  data-weight=\"1\" >\n<div id=\"panel-39-3-0-0\" class=\"so-panel widget widget_black-studio-tinymce widget_black_studio_tinymce panel-first-child panel-last-child\" data-index=\"3\" data-style=\"{&quot;background_display&quot;:&quot;tile&quot;}\" >\n<div class=\"textwidget\">\n<p>[spacer height=&#8221;60px&#8221;]<\/p>\n<p><img loading=\"lazy\" decoding=\"async\" class=\"wp-image-325 alignleft\" src=\"http:\/\/staging.centralnet.psi.br\/wp-content\/uploads\/2017\/06\/aws-300x120.png\" alt=\"\" width=\"180\" height=\"72\" \/> <img loading=\"lazy\" decoding=\"async\" class=\"alignnone  wp-image-353\" src=\"http:\/\/staging.centralnet.psi.br\/wp-content\/uploads\/2017\/06\/google_cloud-1.jpg\" alt=\"\" width=\"137\" height=\"94\" \/> <img loading=\"lazy\" decoding=\"async\" class=\"alignnone  wp-image-354\" src=\"http:\/\/staging.centralnet.psi.br\/wp-content\/uploads\/2017\/06\/microsoft.png\" alt=\"\" width=\"177\" height=\"48\" \/>\u00a0<img loading=\"lazy\" decoding=\"async\" class=\"wp-image-327 alignnone\" src=\"http:\/\/staging.centralnet.psi.br\/wp-content\/uploads\/2017\/06\/oracle-300x71.png\" alt=\"\" width=\"212\" height=\"50\" srcset=\"https:\/\/staging.centralnet.psi.br\/wp-content\/uploads\/2017\/06\/oracle-300x71.png 300w, https:\/\/staging.centralnet.psi.br\/wp-content\/uploads\/2017\/06\/oracle.png 460w\" sizes=\"auto, (max-width: 212px) 100vw, 212px\" \/> <img loading=\"lazy\" decoding=\"async\" class=\"wp-image-328 alignnone\" src=\"http:\/\/staging.centralnet.psi.br\/wp-content\/uploads\/2017\/06\/pfsense-300x75.png\" alt=\"\" width=\"176\" height=\"44\" srcset=\"https:\/\/staging.centralnet.psi.br\/wp-content\/uploads\/2017\/06\/pfsense-300x75.png 300w, https:\/\/staging.centralnet.psi.br\/wp-content\/uploads\/2017\/06\/pfsense.png 451w\" sizes=\"auto, (max-width: 176px) 100vw, 176px\" \/> <img loading=\"lazy\" decoding=\"async\" class=\"wp-image-348 alignnone\" src=\"http:\/\/staging.centralnet.psi.br\/wp-content\/uploads\/2017\/06\/mysql-300x125.png\" alt=\"\" width=\"175\" height=\"73\" srcset=\"https:\/\/staging.centralnet.psi.br\/wp-content\/uploads\/2017\/06\/mysql-300x125.png 300w, https:\/\/staging.centralnet.psi.br\/wp-content\/uploads\/2017\/06\/mysql.png 348w\" sizes=\"auto, (max-width: 175px) 100vw, 175px\" \/><img loading=\"lazy\" decoding=\"async\" class=\"wp-image-329 alignnone\" src=\"http:\/\/staging.centralnet.psi.br\/wp-content\/uploads\/2017\/06\/sqlserver.png\" alt=\"\" width=\"132\" height=\"81\" \/> <img loading=\"lazy\" decoding=\"async\" class=\"wp-image-330 alignnone\" src=\"http:\/\/staging.centralnet.psi.br\/wp-content\/uploads\/2017\/06\/zabbix-300x79.png\" alt=\"\" width=\"179\" height=\"47\" srcset=\"https:\/\/staging.centralnet.psi.br\/wp-content\/uploads\/2017\/06\/zabbix-300x79.png 300w, https:\/\/staging.centralnet.psi.br\/wp-content\/uploads\/2017\/06\/zabbix.png 439w\" sizes=\"auto, (max-width: 179px) 100vw, 179px\" \/><\/p>\n<p>[spacer height=&#8221;60px&#8221;]<\/p>\n<\/div>\n<\/div>\n<\/div>\n<\/div>\n<\/div>\n<div id=\"pg-39-4\"  class=\"panel-grid panel-no-style\" >\n<div id=\"pgc-39-4-0\"  class=\"panel-grid-cell\"  data-weight=\"1\" >\n<div id=\"panel-39-4-0-0\" class=\"so-panel widget widget_sow-headline panel-first-child panel-last-child\" data-index=\"4\" data-style=\"{&quot;background_display&quot;:&quot;tile&quot;}\" >[siteorigin_widget class=&#8221;SiteOrigin_Widget_Headline_Widget&#8221;]<input type=\"hidden\" value=\"{&quot;instance&quot;:{&quot;headline&quot;:{&quot;text&quot;:&quot;Clientes..&quot;,&quot;destination_url&quot;:&quot;&quot;,&quot;tag&quot;:&quot;h1&quot;,&quot;color&quot;:false,&quot;hover_color&quot;:false,&quot;font&quot;:&quot;default&quot;,&quot;font_size&quot;:false,&quot;font_size_unit&quot;:&quot;px&quot;,&quot;align&quot;:&quot;left&quot;,&quot;line_height&quot;:&quot;10%&quot;,&quot;line_height_unit&quot;:&quot;%&quot;,&quot;margin&quot;:false,&quot;margin_unit&quot;:&quot;px&quot;,&quot;so_field_container_state&quot;:&quot;open&quot;,&quot;new_window&quot;:false},&quot;sub_headline&quot;:{&quot;text&quot;:&quot;&quot;,&quot;destination_url&quot;:&quot;&quot;,&quot;tag&quot;:&quot;h3&quot;,&quot;color&quot;:false,&quot;hover_color&quot;:false,&quot;font&quot;:&quot;default&quot;,&quot;font_size&quot;:false,&quot;font_size_unit&quot;:&quot;px&quot;,&quot;align&quot;:&quot;center&quot;,&quot;line_height&quot;:false,&quot;line_height_unit&quot;:&quot;px&quot;,&quot;margin&quot;:false,&quot;margin_unit&quot;:&quot;px&quot;,&quot;so_field_container_state&quot;:&quot;open&quot;,&quot;new_window&quot;:false},&quot;divider&quot;:{&quot;style&quot;:&quot;solid&quot;,&quot;color&quot;:&quot;#EEEEEE&quot;,&quot;thickness&quot;:1,&quot;align&quot;:&quot;center&quot;,&quot;width&quot;:&quot;80%&quot;,&quot;width_unit&quot;:&quot;%&quot;,&quot;margin&quot;:false,&quot;margin_unit&quot;:&quot;px&quot;,&quot;so_field_container_state&quot;:&quot;closed&quot;},&quot;order&quot;:[&quot;headline&quot;,&quot;divider&quot;,&quot;sub_headline&quot;],&quot;fittext_compressor&quot;:0.85,&quot;_sow_form_id&quot;:&quot;594d8638457c4&quot;,&quot;_sow_form_timestamp&quot;:&quot;1498252895969&quot;,&quot;fittext&quot;:false,&quot;so_sidebar_emulator_id&quot;:&quot;sow-headline-3910004&quot;,&quot;option_name&quot;:&quot;widget_sow-headline&quot;},&quot;args&quot;:{&quot;before_widget&quot;:&quot;&lt;div id=\\&quot;panel-39-4-0-0\\&quot; class=\\&quot;so-panel widget widget_sow-headline panel-first-child panel-last-child\\&quot; data-index=\\&quot;4\\&quot; data-style=\\&quot;{&amp;quot;background_display&amp;quot;:&amp;quot;tile&amp;quot;}\\&quot; &gt;&quot;,&quot;after_widget&quot;:&quot;&lt;\\\/div&gt;&quot;,&quot;before_title&quot;:&quot;&lt;h3 class=\\&quot;widget-title\\&quot;&gt;&quot;,&quot;after_title&quot;:&quot;&lt;\\\/h3&gt;&quot;,&quot;widget_id&quot;:&quot;widget-4-0-0&quot;}}\" \/>[\/siteorigin_widget]<\/div>\n<\/div>\n<\/div>\n<div id=\"pg-39-5\"  class=\"panel-grid panel-no-style\"  data-style=\"{&quot;background_display&quot;:&quot;tile&quot;,&quot;cell_alignment&quot;:&quot;flex-start&quot;}\" >\n<div id=\"pgc-39-5-0\"  class=\"panel-grid-cell\"  data-weight=\"1\" >\n<div id=\"panel-39-5-0-0\" class=\"so-panel widget widget_black-studio-tinymce widget_black_studio_tinymce panel-first-child panel-last-child\" data-index=\"5\" data-style=\"{&quot;background_display&quot;:&quot;tile&quot;}\" >\n<div class=\"textwidget\">\n<p>[spacer height=&#8221;60px&#8221;]<\/p>\n<p><img loading=\"lazy\" decoding=\"async\" class=\"alignnone  wp-image-355\" src=\"http:\/\/staging.centralnet.psi.br\/wp-content\/uploads\/2017\/06\/ata_antoniosi.jpg\" alt=\"\" width=\"150\" height=\"112\" \/> <img loading=\"lazy\" decoding=\"async\" class=\"alignnone  wp-image-357\" src=\"http:\/\/staging.centralnet.psi.br\/wp-content\/uploads\/2017\/06\/bambozzi-300x162.jpg\" alt=\"\" width=\"152\" height=\"82\" srcset=\"https:\/\/staging.centralnet.psi.br\/wp-content\/uploads\/2017\/06\/bambozzi-300x162.jpg 300w, https:\/\/staging.centralnet.psi.br\/wp-content\/uploads\/2017\/06\/bambozzi.jpg 306w\" sizes=\"auto, (max-width: 152px) 100vw, 152px\" \/> <img loading=\"lazy\" decoding=\"async\" class=\"alignnone  wp-image-358\" src=\"http:\/\/staging.centralnet.psi.br\/wp-content\/uploads\/2017\/06\/beonup.png\" alt=\"\" width=\"133\" height=\"100\" \/> <img loading=\"lazy\" decoding=\"async\" class=\"alignnone  wp-image-359\" src=\"http:\/\/staging.centralnet.psi.br\/wp-content\/uploads\/2017\/06\/brasilux.png\" alt=\"\" width=\"152\" height=\"87\" \/> <img loading=\"lazy\" decoding=\"async\" class=\"alignnone  wp-image-360\" src=\"http:\/\/staging.centralnet.psi.br\/wp-content\/uploads\/2017\/06\/cambuhy.jpg\" alt=\"\" width=\"152\" height=\"129\" \/> <img loading=\"lazy\" decoding=\"async\" class=\"alignnone  wp-image-361\" src=\"http:\/\/staging.centralnet.psi.br\/wp-content\/uploads\/2017\/06\/citrosuco-300x158.jpg\" alt=\"\" width=\"167\" height=\"88\" srcset=\"https:\/\/staging.centralnet.psi.br\/wp-content\/uploads\/2017\/06\/citrosuco-300x158.jpg 300w, https:\/\/staging.centralnet.psi.br\/wp-content\/uploads\/2017\/06\/citrosuco.jpg 310w\" sizes=\"auto, (max-width: 167px) 100vw, 167px\" \/> <img loading=\"lazy\" decoding=\"async\" class=\"alignnone  wp-image-362\" src=\"http:\/\/staging.centralnet.psi.br\/wp-content\/uploads\/2017\/06\/elite.jpg\" alt=\"\" width=\"150\" height=\"150\" \/> <img loading=\"lazy\" decoding=\"async\" class=\"alignnone  wp-image-363\" src=\"http:\/\/staging.centralnet.psi.br\/wp-content\/uploads\/2017\/06\/emmes.jpg\" alt=\"\" width=\"153\" height=\"64\" \/> <img loading=\"lazy\" decoding=\"async\" class=\"alignnone  wp-image-364\" src=\"http:\/\/staging.centralnet.psi.br\/wp-content\/uploads\/2017\/06\/finufill.jpg\" alt=\"\" width=\"151\" height=\"93\" \/> <img loading=\"lazy\" decoding=\"async\" class=\"alignnone  wp-image-365\" src=\"http:\/\/staging.centralnet.psi.br\/wp-content\/uploads\/2017\/06\/hosp_mat\u00e3o.jpg\" alt=\"\" width=\"154\" height=\"77\" \/> <img loading=\"lazy\" decoding=\"async\" class=\"alignnone  wp-image-366\" src=\"http:\/\/staging.centralnet.psi.br\/wp-content\/uploads\/2017\/06\/marchesan.png\" alt=\"\" width=\"151\" height=\"102\" \/> <img loading=\"lazy\" decoding=\"async\" class=\"alignnone  wp-image-367\" src=\"http:\/\/staging.centralnet.psi.br\/wp-content\/uploads\/2017\/06\/oximaq-300x162.jpg\" alt=\"\" width=\"154\" height=\"83\" srcset=\"https:\/\/staging.centralnet.psi.br\/wp-content\/uploads\/2017\/06\/oximaq-300x162.jpg 300w, https:\/\/staging.centralnet.psi.br\/wp-content\/uploads\/2017\/06\/oximaq.jpg 305w\" sizes=\"auto, (max-width: 154px) 100vw, 154px\" \/> <img loading=\"lazy\" decoding=\"async\" class=\"alignnone  wp-image-368\" src=\"http:\/\/staging.centralnet.psi.br\/wp-content\/uploads\/2017\/06\/panegossi.jpg\" alt=\"\" width=\"152\" height=\"152\" srcset=\"https:\/\/staging.centralnet.psi.br\/wp-content\/uploads\/2017\/06\/panegossi.jpg 200w, https:\/\/staging.centralnet.psi.br\/wp-content\/uploads\/2017\/06\/panegossi-150x150.jpg 150w\" sizes=\"auto, (max-width: 152px) 100vw, 152px\" \/> <img loading=\"lazy\" decoding=\"async\" class=\"alignnone  wp-image-369\" src=\"http:\/\/staging.centralnet.psi.br\/wp-content\/uploads\/2017\/06\/supley.jpg\" alt=\"\" width=\"151\" height=\"145\" \/> <img loading=\"lazy\" decoding=\"async\" class=\"alignnone  wp-image-370\" src=\"http:\/\/staging.centralnet.psi.br\/wp-content\/uploads\/2017\/06\/syngenta.jpg\" alt=\"\" width=\"151\" height=\"88\" \/> <img loading=\"lazy\" decoding=\"async\" class=\"alignnone  wp-image-371\" src=\"http:\/\/staging.centralnet.psi.br\/wp-content\/uploads\/2017\/06\/trisol.jpg\" alt=\"\" width=\"150\" height=\"145\" \/> <img loading=\"lazy\" decoding=\"async\" class=\"alignnone  wp-image-372\" src=\"http:\/\/staging.centralnet.psi.br\/wp-content\/uploads\/2017\/06\/ventilar.jpg\" alt=\"\" width=\"124\" height=\"61\" \/><img loading=\"lazy\" decoding=\"async\" class=\"alignnone size-full wp-image-356\" src=\"http:\/\/staging.centralnet.psi.br\/wp-content\/uploads\/2017\/06\/baldan.png\" alt=\"\" width=\"179\" height=\"44\" \/><\/p>\n<p>[spacer height=&#8221;60px&#8221;]<\/p>\n<\/div>\n<\/div>\n<\/div>\n<\/div>\n<\/div>\n","protected":false},"excerpt":{"rendered":"<p>Temos a Solu\u00e7\u00e3o 22 anos oferecendo produtos e solu\u00e7\u00f5es em tecnologia Nossas Solu\u00e7\u00f5es Blog Suporte Online [spacer height=&#8221;380px&#8221;] [cn-social-icon] [siteorigin_widget class=&#8221;SiteOrigin_Widget_Headline_Widget&#8221;][\/siteorigin_widget] [spacer height=&#8221;60px&#8221;] \u00a0 [spacer height=&#8221;60px&#8221;] [siteorigin_widget class=&#8221;SiteOrigin_Widget_Headline_Widget&#8221;][\/siteorigin_widget] [spacer height=&#8221;60px&#8221;] [spacer height=&#8221;60px&#8221;]<\/p>\n","protected":false},"author":1,"featured_media":0,"parent":0,"menu_order":0,"comment_status":"closed","ping_status":"open","template":"full-width-page.php","meta":{"footnotes":""},"class_list":["post-39","page","type-page","status-publish","hentry"],"_links":{"self":[{"href":"https:\/\/staging.centralnet.psi.br\/index.php?rest_route=\/wp\/v2\/pages\/39","targetHints":{"allow":["GET"]}}],"collection":[{"href":"https:\/\/staging.centralnet.psi.br\/index.php?rest_route=\/wp\/v2\/pages"}],"about":[{"href":"https:\/\/staging.centralnet.psi.br\/index.php?rest_route=\/wp\/v2\/types\/page"}],"author":[{"embeddable":true,"href":"https:\/\/staging.centralnet.psi.br\/index.php?rest_route=\/wp\/v2\/users\/1"}],"replies":[{"embeddable":true,"href":"https:\/\/staging.centralnet.psi.br\/index.php?rest_route=%2Fwp%2Fv2%2Fcomments&post=39"}],"version-history":[{"count":141,"href":"https:\/\/staging.centralnet.psi.br\/index.php?rest_route=\/wp\/v2\/pages\/39\/revisions"}],"predecessor-version":[{"id":642,"href":"https:\/\/staging.centralnet.psi.br\/index.php?rest_route=\/wp\/v2\/pages\/39\/revisions\/642"}],"wp:attachment":[{"href":"https:\/\/staging.centralnet.psi.br\/index.php?rest_route=%2Fwp%2Fv2%2Fmedia&parent=39"}],"curies":[{"name":"wp","href":"https:\/\/api.w.org\/{rel}","templated":true}]}}